posite?
False
Is 59111 a prime number?
False
Is 609971 a prime number?
False
Is 13913 composite?
False
Is 251 composite?
False
Is 613307 a prime number?
False
Is 197794 composite?
True
Is 18089 a composite number?
False
Is 1638181 prime?
False
Is 23207 composite?
True
Is 27731 a prime number?
False
Is 2097593 composite?
False
Is 3943 composite?
False
Is 5389 composite?
True
Is 12071 composite?
False
Is 148009 a composite number?
True
Is 93809 a prime number?
True
Is 1535 prime?
False
Is 56263 composite?
False
Is 23431 a composite number?
False
Is 130927 a prime number?
True
Is 3035 a prime number?
False
Is 155069 composite?
False
Is 15177 composite?
True
Is 173897 composite?
False
Is 790021 a composite number?
False
Is 412387 prime?
True
Is 5937 prime?
False
Is 186377 a prime number?
True
Is 1015661 a composite number?
False
Is 74083 a composite number?
True
Is 87911 a composite number?
False
Is 2938697 a composite number?
False
Is 26627 prime?
True
Is 97771 composite?
False
Is 2919199 a composite number?
False
Is 408041 prime?
True
Is 195491 a prime number?
False
Is 1067 prime?
False
Is 36037 a prime number?
True
Is 845929 prime?
False
Is 1905493 composite?
False
Is 9311 composite?
False
Is 3421 a prime number?
False
Is 85495 a prime number?
False
Is 192107 a composite number?
True
Is 192091 prime?
True
Is 12793 a composite number?
True
Is 3585311 a composite number?
False
Is 33527 a prime number?
False
Is 17059 composite?
True
Is 10753 prime?
True
Is 104281 composite?
False
Is 71033 composite?
True
Is 1801 a composite number?
False
Is 71387 a prime number?
True
Is 1147798 a prime number?
False
Is 1657 prime?
True
Is 17735 a prime number?
False
Is 2773417 a prime number?
False
Is 69731 prime?
False
Is 385631 a prime number?
True
Is 40009 prime?
True
Is 56873 prime?
True
Is 240213 a prime number?
False
Is 1987 a composite number?
False
Is 3953 a prime number?
False
Is 104863 composite?
True
Is 778265 prime?
False
Is 23047 composite?
True
Is 23819 a composite number?
False
Is 944981 composite?
True
Is 49717 a prime number?
False
Is 23315 a prime number?
False
Is 22233 composite?
True
Is 2155 composite?
True
Is 492601 composite?
False
Is 4507 a prime number?
True
Is 25061 composite?
True
Is 296797 a prime number?
True
Is 13751 a prime number?
True
Is 5051 composite?
False
Is 80187 a composite number?
True
Is 12301 composite?
False
Is 3994 a composite number?
True
Is 13549 a composite number?
True
Is 30631 prime?
True
Is 65935 a composite number?
True
Is 115301 a composite number?
False
Is 11453 a composite number?
True
Is 317711 prime?
True
Is 264685 prime?
False
Is 16033 prime?
True
Is 54269 prime?
True
Is 21361 a prime number?
False
Is 32827 composite?
True
Is 9511 a composite number?
False
Is 18947 a prime number?
True
Is 693943 composite?
False
Is 223463 composite?
False
Is 702431 composite?
False
Is 39911 a prime number?
False
Is 14285 composite?
True
Is 518863 a composite number?
False
Is 574907 composite?
False
Is 547669 prime?
False
Is 28123 a composite number?
False
Is 136553 prime?
False
Is 958843 composite?
False
Is 18637 composite?
False
Is 99103 a prime number?
True
Is 43373 prime?
False
Is 394015 a composite number?
True
Is 1759 prime?
True
Is 203 a prime number?
False
Is 17377 composite?
False
Is 8983 composite?
True
Is 1180879 prime?
False
Is 6185 a prime number?
False
Is 289 a composite number?
True
Is 16843 a prime number?
True
Is 554549 a composite number?
True
Is 233173 prime?
True
Is 17783 a composite number?
False
Is 61331 prime?
True
Is 127817 a composite number?
False
Is 449981 a composite number?
True
Is 87931 prime?
True
Is 865043 composite?
False
Is 567089 prime?
False
Is 2735279 a composite number?
False
Is 2559 prime?
False
Is 1366747 prime?
True
Is 24943 a prime number?
True
Is 121469 composite?
False
Is 107035 a composite number?
True
Is 5197493 composite?
True
Is 943 prime?
False
Is 773615 composite?
True
Is 52661 a prime number?
False
Is 7001 a composite number?
False
Is 169889 a composite number?
False
Is 9535 a prime number?
False
Is 10391 composite?
False
Is 74903 a prime number?
True
Is 406343 prime?
False
Is 66685 composite?
True
Is 1409519 a prime number?
True
Is 771055 composite?
True
Is 1985 a composite number?
True
Is 43115 composite?
True
Is 37691 prime?
True
Is 82457 a composite number?
False
Is 515 composite?
True
Is 489061 a prime number?
True
Is 532367 prime?
False
Is 43451 prime?
True
Is 1392407 a prime number?
True
Is 2267 a composite number?
False
Is 1543523 a prime number?
False
Is 10211 a composite number?
False
Is 62515 a composite number?
True
Is 1344311 a composite number?
False
Is 276079 a prime number?
True
Is 39541 a composite number?
False
Is 4051483 a prime number?
False
Is 6753389 prime?
True
Is 129793 a composite number?
False
Is 17077 prime?
True
Is 1048715 composite?
True
Is 143923 a prime number?
False
Is 4677 a composite number?
True
Is 10869 a composite number?
True
Is 131731 composite?
False
Is 440087 a composite number?
False
Is 6803 composite?
False
Is 889 composite?
True
Is 63719 composite?
False
Is 600221 a prime number?
True
Is 331 prime?
True
Is 84947 composite?
False
Is 4739 prime?
False
Is 149879 a prime number?
False
Is 261091 prime?
False
Is 85987 prime?
False
Is 12289 a composite number?
False
Is 2053189 composite?
False
Is 31379 a prime number?
True
Is 203 a composite number?
True
Is 4769 a prime number?
False
Is 170209 prime?
False
Is 30631 composite?
False
Is 555563 prime?
False
Is 66617 prime?
True
Is 158435 a composite number?
True
Is 137926 a composite number?
True
Is 34907 a composite number?
True
Is 9431 prime?
True
Is 2372257 a composite number?
False
Is 75931 prime?
True
Is 20159 a composite number?
True
Is 119353 composite?
True
Is 574781 a composite number?
True
Is 4183 prime?
False
Is 584119 a prime number?
False
Is 172847 a prime number?
False
Is 2593597 composite?
True
Is 635 composite?
True
Is 893 prime?
False
Is 4507 a prime number?
True
Is 29009 prime?
True
Is 244679 a prime number?
False
Is 1967 prime?
False
Is 9181 composite?
False
Is 1657 a composite number?
False
Is 9343 composite?
False
Is 53059 composite?
True
Is 12929 a composite number?
True
Is 52229 a prime number?
False
Is 69406 prime?
False
Is 75611 prime?
True
Is 57913 prime?
False
Is 135089 a prime number?
True
Is 822839 a prime number?
True
Is 39362 a prime number?
False
Is 29527 prime?
True
Is 62938 a composite number?
True
Is 3924863 a composite number?
False
Is 6449 composite?
False
Is 721117 prime?
True
Is 97339 prime?
False
Is 358 composite?
True
Is 20789 a composite number?
False
Is 31129 composite?
True
Is 7273 a prime number?
False
Is 284623 prime?
True
Is 593933 a prime number?
True
Is 22339 prime?
False
Is 734 a prime number?
False
Is 6637 a prime number?
True
Is 61463 a composite number?
False
Is 12379 a composite number?
False
Is 81281 composite?
False
Is 983951 prime?
True
Is 7663 composite?
True
Is 101671 composite?
True
Is 153259 prime?
True
Is 9173 a prime number?
True
Is 3293 a composite number?
True
Is 26043 a composite number?
True
Is 10559 a composite number?
False
Is 43163 composite?
True
Is 58889 composite?
False
Is 8509 composite?
True
Is 540839 composite?
True
Is 2947 a composite number?
True
Is 347897 prime?
False
Is 101221 composite?
False
Is 67283 composite?
True
Is 81439 composite?
False
Is 4114405 a prime number?
False
Is 11677 a prime number?
True
Is 754573 a prime number?
True
Is 1453627 composite?
True
Is 937315 composite?
True
Is 885223 composite?
False
Is 216211 a composite number?
False
Is 637503 a prime number?
False
Is 158349 a composite number?
True
Is 22901 prime?
True
Is 191161 a composite number?
False
Is 1141757 composite?
False
Is 1344682 a prime number?
False
Is 37483 a prime number?
True
Is 31309 composite?
True
Is 395377 prime?
True
Is 321163 composite?
False
Is 211 prime?
True
Is 3413 composite?
False
Is 1219 a composite number?
True
Is 291143 a composite number?
False
Is 9983 a prime number?
False
Is 124577 a prime number?
True
Is 49655 prime?
False
Is 48053 composite?
True
Is 5414 prime?
False
Is 554927 a prime number?
True
Is 3163 a prime number?
True
Is 151451 a composite number?
False
Is 3991 composite?
True
Is 349787 composite?
F